{"id":112,"date":"2026-02-25T22:00:00","date_gmt":"2026-02-25T21:00:00","guid":{"rendered":"https:\/\/masterkom.eu\/?page_id=112"},"modified":"2026-02-25T22:35:14","modified_gmt":"2026-02-25T21:35:14","slug":"o-nas","status":"publish","type":"page","link":"https:\/\/masterkom.eu\/?page_id=112","title":{"rendered":"O nas"},"content":{"rendered":"\t\t<div data-elementor-type=\"wp-page\" data-elementor-id=\"112\" class=\"elementor elementor-112\" data-elementor-post-type=\"page\">\n\t\t\t\t<div class=\"elementor-element elementor-element-9fc3676 e-flex e-con-boxed e-con e-parent\" data-id=\"9fc3676\" data-element_type=\"container\" data-e-type=\"container\" data-settings=\"{&quot;background_background&quot;:&quot;classic&quot;}\">\n\t\t\t\t\t<div class=\"e-con-inner\">\n\t\t<div class=\"elementor-element elementor-element-569a268 e-con-full e-flex e-con e-child\" data-id=\"569a268\" data-element_type=\"container\" data-e-type=\"container\">\n\t\t\t\t<div class=\"elementor-element elementor-element-d0720a3 elementor-widget elementor-widget-heading\" data-id=\"d0720a3\" data-element_type=\"widget\" data-e-type=\"widget\" data-widget_type=\"heading.default\">\n\t\t\t\t\t<h2 class=\"elementor-heading-title elementor-size-default\">Zaufaj naszym ekspertom<\/h2>\t\t\t\t<\/div>\n\t\t\t\t<div class=\"elementor-element elementor-element-0b27f51 elementor-widget elementor-widget-text-editor\" data-id=\"0b27f51\" data-element_type=\"widget\" data-e-type=\"widget\" data-widget_type=\"text-editor.default\">\n\t\t\t\t\t\t\t\t\t<p>Oferujemy nowoczesne rozwi\u0105zania IT, kt\u00f3re pomog\u0105 Twojemu biznesowi w osi\u0105gni\u0119ciu sukcesu. Nasze us\u0142ugi s\u0105 dostosowane do Twoich potrzeb &#8211; od konsultacji po pe\u0142ne wdro\u017cenie system\u00f3w. Sprawd\u017a, jak mo\u017cemy Ci pom\u00f3c!<\/p>\t\t\t\t\t\t\t\t<\/div>\n\t\t\t\t<\/div>\n\t\t\t\t\t<\/div>\n\t\t\t\t<\/div>\n\t\t<div class=\"elementor-element elementor-element-c0debf6 e-flex e-con-boxed e-con e-parent\" data-id=\"c0debf6\" data-element_type=\"container\" data-e-type=\"container\">\n\t\t\t\t\t<div class=\"e-con-inner\">\n\t\t<div class=\"elementor-element elementor-element-40b803b e-flex e-con-boxed e-con e-child\" data-id=\"40b803b\" data-element_type=\"container\" data-e-type=\"container\">\n\t\t\t\t\t<div class=\"e-con-inner\">\n\t\t\t\t<div class=\"elementor-element elementor-element-c7e74de elementor-widget-mobile__width-initial elementor-widget elementor-widget-image\" data-id=\"c7e74de\" data-element_type=\"widget\" data-e-type=\"widget\" data-widget_type=\"image.default\">\n\t\t\t\t\t\t\t\t\t\t\t\t\t\t\t<img fetchpriority=\"high\" decoding=\"async\" width=\"800\" height=\"450\" src=\"https:\/\/masterkom.eu\/wp-content\/uploads\/2026\/02\/wireframe-img-1-1024x576.png\" class=\"attachment-large size-large wp-image-122\" alt=\"\" srcset=\"https:\/\/masterkom.eu\/wp-content\/uploads\/2026\/02\/wireframe-img-1-1024x576.png 1024w, https:\/\/masterkom.eu\/wp-content\/uploads\/2026\/02\/wireframe-img-1-300x169.png 300w, https:\/\/masterkom.eu\/wp-content\/uploads\/2026\/02\/wireframe-img-1-768x432.png 768w, https:\/\/masterkom.eu\/wp-content\/uploads\/2026\/02\/wireframe-img-1-1536x864.png 1536w, https:\/\/masterkom.eu\/wp-content\/uploads\/2026\/02\/wireframe-img-1.png 1920w\" sizes=\"(max-width: 800px) 100vw, 800px\" \/>\t\t\t\t\t\t\t\t\t\t\t\t\t\t\t<\/div>\n\t\t\t\t<div class=\"elementor-element elementor-element-e29adf6 elementor-widget-mobile__width-initial elementor-widget elementor-widget-image\" data-id=\"e29adf6\" data-element_type=\"widget\" data-e-type=\"widget\" data-widget_type=\"image.default\">\n\t\t\t\t\t\t\t\t\t\t\t\t\t\t\t<img fetchpriority=\"high\" decoding=\"async\" width=\"800\" height=\"450\" src=\"https:\/\/masterkom.eu\/wp-content\/uploads\/2026\/02\/wireframe-img-1-1024x576.png\" class=\"attachment-large size-large wp-image-122\" alt=\"\" srcset=\"https:\/\/masterkom.eu\/wp-content\/uploads\/2026\/02\/wireframe-img-1-1024x576.png 1024w, https:\/\/masterkom.eu\/wp-content\/uploads\/2026\/02\/wireframe-img-1-300x169.png 300w, https:\/\/masterkom.eu\/wp-content\/uploads\/2026\/02\/wireframe-img-1-768x432.png 768w, https:\/\/masterkom.eu\/wp-content\/uploads\/2026\/02\/wireframe-img-1-1536x864.png 1536w, https:\/\/masterkom.eu\/wp-content\/uploads\/2026\/02\/wireframe-img-1.png 1920w\" sizes=\"(max-width: 800px) 100vw, 800px\" \/>\t\t\t\t\t\t\t\t\t\t\t\t\t\t\t<\/div>\n\t\t\t\t\t<\/div>\n\t\t\t\t<\/div>\n\t\t<div class=\"elementor-element elementor-element-d3cb95a e-con-full e-flex e-con e-child\" data-id=\"d3cb95a\" data-element_type=\"container\" data-e-type=\"container\">\n\t\t\t\t<div class=\"elementor-element elementor-element-f7688f3 elementor-widget elementor-widget-heading\" data-id=\"f7688f3\" data-element_type=\"widget\" data-e-type=\"widget\" data-widget_type=\"heading.default\">\n\t\t\t\t\t<h1 class=\"elementor-heading-title elementor-size-default\">O nas<\/h1>\t\t\t\t<\/div>\n\t\t\t\t<div class=\"elementor-element elementor-element-e96b4e3 elementor-widget elementor-widget-text-editor\" data-id=\"e96b4e3\" data-element_type=\"widget\" data-e-type=\"widget\" data-widget_type=\"text-editor.default\">\n\t\t\t\t\t\t\t\t\t<p>Jeste\u015bmy zespo\u0142em profesjonalist\u00f3w w bran\u017cy IT, kt\u00f3rzy wspieraj\u0105 firmy w efektywnym korzystaniu z technologii. Nasza misja to uproszczenie proces\u00f3w, aby\u015b m\u00f3g\u0142 skoncentrowa\u0107 si\u0119 na swoim biznesie. Wierzymy, \u017ce nowoczesne rozwi\u0105zania s\u0105 kluczem do sukcesu ka\u017cdego przedsi\u0119biorstwa.<\/p>\t\t\t\t\t\t\t\t<\/div>\n\t\t\t\t<div class=\"elementor-element elementor-element-01ebae3 elementor-position-inline-start elementor-view-default elementor-mobile-position-block-start elementor-widget elementor-widget-icon-box\" data-id=\"01ebae3\" data-element_type=\"widget\" data-e-type=\"widget\" data-widget_type=\"icon-box.default\">\n\t\t\t\t\t\t\t<div class=\"elementor-icon-box-wrapper\">\n\n\t\t\t\t\t\t<div class=\"elementor-icon-box-icon\">\n\t\t\t\t<span  class=\"elementor-icon\">\n\t\t\t\t<svg aria-hidden=\"true\" class=\"e-font-icon-svg e-fas-star\" viewBox=\"0 0 576 512\" xmlns=\"http:\/\/www.w3.org\/2000\/svg\"><path d=\"M259.3 17.8L194 150.2 47.9 171.5c-26.2 3.8-36.7 36.1-17.7 54.6l105.7 103-25 145.5c-4.5 26.3 23.2 46 46.4 33.7L288 439.6l130.7 68.7c23.2 12.2 50.9-7.4 46.4-33.7l-25-145.5 105.7-103c19-18.5 8.5-50.8-17.7-54.6L382 150.2 316.7 17.8c-11.7-23.6-45.6-23.9-57.4 0z\"><\/path><\/svg>\t\t\t\t<\/span>\n\t\t\t<\/div>\n\t\t\t\n\t\t\t\t\t\t<div class=\"elementor-icon-box-content\">\n\n\t\t\t\t\t\t\t\t\t<h3 class=\"elementor-icon-box-title\">\n\t\t\t\t\t\t<span  >\n\t\t\t\t\t\t\tNasze us\u0142ugi IT\t\t\t\t\t\t<\/span>\n\t\t\t\t\t<\/h3>\n\t\t\t\t\n\t\t\t\t\t\t\t\t\t<p class=\"elementor-icon-box-description\">\n\t\t\t\t\t\tOferujemy kompleksowe us\u0142ugi IT, w tym zarz\u0105dzanie systemami, tworzenie oprogramowania oraz wsparcie techniczne, dostosowane do potrzeb Twojego biznesu.\t\t\t\t\t<\/p>\n\t\t\t\t\n\t\t\t<\/div>\n\t\t\t\n\t\t<\/div>\n\t\t\t\t\t\t<\/div>\n\t\t\t\t<div class=\"elementor-element elementor-element-5ad46bb elementor-position-inline-start elementor-view-default elementor-mobile-position-block-start elementor-widget elementor-widget-icon-box\" data-id=\"5ad46bb\" data-element_type=\"widget\" data-e-type=\"widget\" data-widget_type=\"icon-box.default\">\n\t\t\t\t\t\t\t<div class=\"elementor-icon-box-wrapper\">\n\n\t\t\t\t\t\t<div class=\"elementor-icon-box-icon\">\n\t\t\t\t<span  class=\"elementor-icon\">\n\t\t\t\t<svg aria-hidden=\"true\" class=\"e-font-icon-svg e-fas-star\" viewBox=\"0 0 576 512\" xmlns=\"http:\/\/www.w3.org\/2000\/svg\"><path d=\"M259.3 17.8L194 150.2 47.9 171.5c-26.2 3.8-36.7 36.1-17.7 54.6l105.7 103-25 145.5c-4.5 26.3 23.2 46 46.4 33.7L288 439.6l130.7 68.7c23.2 12.2 50.9-7.4 46.4-33.7l-25-145.5 105.7-103c19-18.5 8.5-50.8-17.7-54.6L382 150.2 316.7 17.8c-11.7-23.6-45.6-23.9-57.4 0z\"><\/path><\/svg>\t\t\t\t<\/span>\n\t\t\t<\/div>\n\t\t\t\n\t\t\t\t\t\t<div class=\"elementor-icon-box-content\">\n\n\t\t\t\t\t\t\t\t\t<h3 class=\"elementor-icon-box-title\">\n\t\t\t\t\t\t<span  >\n\t\t\t\t\t\t\tDlaczego warto wybra\u0107 nas?\t\t\t\t\t\t<\/span>\n\t\t\t\t\t<\/h3>\n\t\t\t\t\n\t\t\t\t\t\t\t\t\t<p class=\"elementor-icon-box-description\">\n\t\t\t\t\t\tNasze priorytety to innowacyjno\u015b\u0107, jako\u015b\u0107 us\u0142ug oraz zadowolenie klienta. Jeste\u015bmy zgranym zespo\u0142em, gotowym sprosta\u0107 ka\u017cdemu wyzwaniu.\t\t\t\t\t<\/p>\n\t\t\t\t\n\t\t\t<\/div>\n\t\t\t\n\t\t<\/div>\n\t\t\t\t\t\t<\/div>\n\t\t\t\t<\/div>\n\t\t\t\t\t<\/div>\n\t\t\t\t<\/div>\n\t\t\t\t<\/div>\n\t\t","protected":false},"excerpt":{"rendered":"<p>Zaufaj naszym ekspertom Oferujemy nowoczesne rozwi\u0105zania IT, kt\u00f3re pomog\u0105 Twojemu biznesowi w osi\u0105gni\u0119ciu sukcesu. Nasze us\u0142ugi s\u0105 dostosowane do Twoich potrzeb &#8211; od konsultacji po pe\u0142ne wdro\u017cenie system\u00f3w. Sprawd\u017a, jak mo\u017cemy Ci pom\u00f3c! O nas Jeste\u015bmy zespo\u0142em profesjonalist\u00f3w w bran\u017cy IT, kt\u00f3rzy wspieraj\u0105 firmy w efektywnym korzystaniu z technologii. Nasza misja to uproszczenie proces\u00f3w, aby\u015b [&hellip;]<\/p>\n","protected":false},"author":1,"featured_media":0,"parent":0,"menu_order":0,"comment_status":"closed","ping_status":"closed","template":"elementor_header_footer","meta":{"_monsterinsights_skip_tracking":false,"_monsterinsights_sitenote_active":false,"_monsterinsights_sitenote_note":"","_monsterinsights_sitenote_category":0,"footnotes":""},"class_list":["post-112","page","type-page","status-publish","hentry"],"aioseo_notices":[],"_links":{"self":[{"href":"https:\/\/masterkom.eu\/index.php?rest_route=\/wp\/v2\/pages\/112","targetHints":{"allow":["GET"]}}],"collection":[{"href":"https:\/\/masterkom.eu\/index.php?rest_route=\/wp\/v2\/pages"}],"about":[{"href":"https:\/\/masterkom.eu\/index.php?rest_route=\/wp\/v2\/types\/page"}],"author":[{"embeddable":true,"href":"https:\/\/masterkom.eu\/index.php?rest_route=\/wp\/v2\/users\/1"}],"replies":[{"embeddable":true,"href":"https:\/\/masterkom.eu\/index.php?rest_route=%2Fwp%2Fv2%2Fcomments&post=112"}],"version-history":[{"count":4,"href":"https:\/\/masterkom.eu\/index.php?rest_route=\/wp\/v2\/pages\/112\/revisions"}],"predecessor-version":[{"id":173,"href":"https:\/\/masterkom.eu\/index.php?rest_route=\/wp\/v2\/pages\/112\/revisions\/173"}],"wp:attachment":[{"href":"https:\/\/masterkom.eu\/index.php?rest_route=%2Fwp%2Fv2%2Fmedia&parent=112"}],"curies":[{"name":"wp","href":"https:\/\/api.w.org\/{rel}","templated":true}]}}